 of d?
1
Suppose -2*c = -2 - 4. Let a be 3 + -5 - (-9)/c. Suppose -a = -3*s + 2*v, -s = -4*s + 4*v - 7. What is the units digit of s?
3
What is the hundreds digit of ((-1443)/(-26))/((-3)/(-6))?
1
Suppose -72*v - 3339 = -81*v. What is the hundreds digit of v?
3
Suppose -4768 + 808 = -5*o. Suppose -16*l + o = -8*l. What is the units digit of l?
9
Suppose -4*g = -547*h + 542*h + 26828, 26846 = 5*h + 2*g. What is the units digit of h?
8
Let v(o) = -o**2 - 6*o + 11. Let b be v(-8). Let z(m) = -m**2 - 8*m - 4. Let t be z(b). Let a = t + 11. What is the units digit of a?
2
Let j(h) = -h + 4. Let d be j(4). Suppose -o + 4*a = 4, -2*a + d*a = 3*o + 26. Let q = o - -13. What is the units digit of q?
5
Suppose 0 = 2*h - 259 - 1461. What is the hundreds digit of h?
8
Let i = -699 - -1177. What is the tens digit of i?
7
Let o be 3 + ((-18)/(-2))/(-3). Suppose -3*y + 201 + 3 = o. Suppose 0 = -2*d + 4*u + 28, 5*d + 4*u = d + y. What is the units digit of d?
6
Let k be 2/15 + 252/135. Let v be -1 - k - 0/(-1). Let z(i) = 4*i**2 - 7. What is the tens digit of z(v)?
2
Let y(z) = -z**3 - 3*z - 384. Let q be y(0). Let f = 551 + q. What is the tens digit of f?
6
Suppose 23*i - 19*i = -2*p + 998, 0 = -4*p - 5*i + 1990. What is the units digit of p?
5
Let k(c) = -c**3 + 23*c**2 + 71*c + 24. What is the tens digit of k(14)?
8
Let x(z) = -z**2 + 84*z + 17. What is the units digit of x(12)?
1
Suppose 0 = -37*t + 1094 + 238. What is the tens digit of t?
3
Let m be 4/4 + -1 + -6. Let q(d) = d**3 + 7*d**2 + 7*d + 11. Let c be q(m). Suppose 4*x - c*x = -9. What is the units digit of x?
9
Let n(h) = 74 - 3*h - 2*h + 50. What is the units digit of n(0)?
4
Suppose 3*h - 9*x + 10*x - 4808 = 0, 0 = 5*x - 10. What is the thousands digit of h?
1
Suppose -2*c + w + 641 = 150, 0 = 5*w + 5. Suppose -g + c = 5*z + 4*g, 3*g = 6. What is the units digit of z?
7
Let q = 430 - -594. What is the tens digit of q/34 + (-16)/136?
3
Suppose 4*r + 4*q = -0*r - 72, -2 = -r + 4*q. Let i = -18 - r. What is the units digit of 34*(6/i + 2)?
7
Let f be 10/4 - (-3)/(-6). Suppose -p - 14 = -f*p. Suppose 34 = 3*x - p. What is the tens digit of x?
1
Suppose -46 + 11 = -s. What is the units digit of (-1714)/(-18) - (1 + s/(-45))?
5
Let t = -324 - -91. Let a = t - -407. What is the hundreds digit of a?
1
Suppose -3*w - 270 = -5*w. Let m(o) = -2*o + 4. Let h be m(0). Suppose -w = -c - h*c. What is the units digit of c?
7
Let y(q) = 103*q + 35. What is the tens digit of y(3)?
4
Suppose 3*s - 5*x = 1599, -3*x + x = -s + 534. What is the tens digit of s?
2
Let l(v) = -4*v + 68. Let f be l(16). Suppose 483 = f*t + 51. What is the units digit of t?
8
Suppose -3*p + 1140 = 3*m, 6*p - 1119 = 3*p + 4*m. What is the units digit of p?
7
Suppose -50 = -10*o + 11*o. Let f = 51 + o. What is the units digit of f?
1
Let a(z) = -9*z**2 + 10*z + 3. Let u be a(5). Let b = -101 - u. What is the tens digit of b?
7
Let h be (32/(-28) - 0)*-7. Suppose -3*y = -7*y + 272. Suppose -h*m + y = -6*m. What is the units digit of m?
4
Suppose 0 = 2*o - 69 - 61. Suppose -2*v - 124 - o = -3*t, -2*t + 136 = 2*v. What is the tens digit of t?
6
Suppose 18830 = 5*k + 5*m, 24*k + 5*m = 27*k - 11330. What is the thousands digit of k?
3
Let f(i) = -316*i + 84. What is the hundreds digit of f(-4)?
3
What is the tens digit of (-4)/6 + 816/36?
2
Let r(n) = 12*n**2 + 2*n - 1. Let h be r(-2). Let k = -36 + h. What is the units digit of k?
7
Let w(g) = 11*g + 1. Let i be w(-1). What is the units digit of (-8)/i - (-2457)/35?
1
Let j = 76 + 140. Suppose 7*f - 526 - j = 0. What is the units digit of f?
6
Let j be 3/2*4 + 6/(-2). Let m(h) = 91*h - 13. What is the units digit of m(j)?
0
Let p(u) = u**2 + 5*u - 9. Let g = -6 - 1. Let y be p(g). Let x = y - -10. What is the units digit of x?
5
What is the hundreds digit of (-9)/6*-3*(-24280)/(-45)?
4
Let f(c) = 10*c**2 - 3*c - 18. Suppose -2 + 7 = -m. What is the tens digit of f(m)?
4
Let y(x) be the first derivative of -x**3 + x**2/2 + 4. Let u be y(-3). What is the units digit of 1/((-4)/12) - u?
7
What is the tens digit of 6 + 896 - (-15)/(-3)?
9
Suppose 135 = 5*f + 5*x, 2*x + 86 = -5*f + 215. What is the units digit of f?
5
Suppose 0 = 3*d - 9*d + 540. What is the units digit of 16/10 + -2 - (-5256)/d?
8
Let k(m) = 6*m**2 + 3*m - 59. Let u be k(9). Suppose -u = -9*g + 887. What is the tens digit of g?
4
Let z(f) = 2*f**2 + 3*f + 3. Suppose -19*d + 22*d - 15 = 0. What is the units digit of z(d)?
8
Let n = 1105 - 748. What is the tens digit of n?
5
Let c = -138 - -208. Suppose 6*n - 3*h = n + 106, -3*n = -5*h - c. Suppose 3*w - 5*k = 16, 5 = -2*w - k + n. What is the units digit of w?
7
Let b be (-2)/((-1)/(-2) - 1/3). What is the tens digit of (b/(-7))/(4/56) + 2?
2
Let z(l) be the second derivative of -l**5/20 - 5*l**4/12 - l**3/6 - 4*l**2 + 3*l - 2. Suppose 0 = s + s, -4*x - 24 = 2*s. What is the units digit of z(x)?
4
Let m(u) = -u**3 - 4*u**2 - 7*u + 9. What is the hundreds digit of m(-12)?
2
Suppose 54*u - 51*u - 3*y - 3435 = 0, 4580 = 4*u + 4*y. What is the hundreds digit of u?
1
Let r(f) be the first derivative of -f + 4. Let w(x) = -11*x + 5. Let c(q) = -4*r(q) - w(q). What is the units digit of c(1)?
0
Suppose 0 = -w - 0 - 1. Let k(z) = 10*z**2. Let a(t) = -23*t**2 - t - 1. Let s(p) = 3*a(p) + 7*k(p). What is the units digit of s(w)?
1
Suppose 0 = 2*r + 4 - 14. Suppose r*s - 71 = 29. What is the tens digit of s?
2
Let v = 20 + -17. Let m = -13 + v. What is the units digit of (-15)/m - (-37)/2?
0
Suppose -3*k + 1961 + 2029 = 2*t, -5*t = k - 1317. What is the units digit of k?
2
Let r(q) = 19*q**3 + 3*q**2 - q - 1. Suppose -5*l + 0*l = -5. What is the tens digit of r(l)?
2
Suppose t - 5 = -6. What is the tens digit of (-227)/t - (5 - 7 - -5)?
2
Suppose 0 = 8*g - 0 - 7760. What is the units digit of g?
0
Let j(s) = -2*s**2 + 4*s**2 + 6*s - s**2 + 5. Suppose 0 = -388*a + 390*a + 12. What is the units digit of j(a)?
5
Let o = -114 + 79. Let m be (14/o)/((-2)/30). Suppose 0 = -a + m*a - 330. What is the tens digit of a?
6
Let k(u) = u + 18. Let v be k(-14). Suppose b = 6 - 3, -3*m + v*b = -435. What is the tens digit of m?
4
Let x = -154 - -395. What is the units digit of x?
1
Let x be ((-1)/2)/((-12)/264). Suppose 0 = -g + 3*m + 16, 0*m - 3*m = -3. Let o = g - x. What is the units digit of o?
8
Suppose -h = -4*h + 18. Let k(d) = -4*d + d + 7*d + 3*d - d**2 - 1. What is the units digit of k(h)?
5
Let a be (-2)/2 - (-18)/(-9). Let p = 1 - 2. What is the units digit of -2 - a - (-24 + p)?
6
What is the units digit of ((-1586)/(-52))/((-1)/(-22))?
1
Let a(h) = 4*h**2 + 4*h. Let v(o) = -4*o**2 - 4*o + 1. Let t(m) = 4*a(m) + 3*v(m). What is the hundreds digit of t(5)?
1
Suppose 3*g = 3*x - 7656, 3*x = -3*g + 1313 + 6331. What is the tens digit of x?
5
Let g(h) be the first derivative of h**2/2 + 4*h - 7. Let r be g(-6). What is the units digit of (-30 + (-3)/(-1))*r?
4
Let w = 755 - 288. What is the tens digit of w?
6
Let j(d) = 49*d**3 - d**2 + 5*d - 2. What is the hundreds digit of j(2)?
3
Suppose 2*b - 9384 = -2*v, -18557 = -3*v - b - 4483. What is the thousands digit of v?
4
Suppose 4*l - 1669 = 2*w - 337, -336 = -l - w. What is the hundreds digit of l?
3
Let n(p) = -p**3 - 14*p**2 + 15*p + 4. Let j be n(-15). Let v(w) = w**2 + 3*w + 4. Let r be v(-3). Suppose -r = -4*u + j. What is the units digit of u?
2
Suppose 0 = -4*q + 3*n + 1062, 5*q - 3*q = 3*n + 528. What is the hundreds digit of q?
2
Suppose 2*u = u. Suppose 0 = -34*t + 35*t + 10. Let s = u - t. What is the units digit of s?
0
Let j(u) = 15*u**2 + 12*u - 17. What is the hundreds digit of j(5)?
4
Suppose 94*x + 729 = 103*x. What is the tens digit of x?
8
Suppose -59*b + 53*b = -120. What is the tens digit of b?
2
Let i(z) = 13*z + 3. Let b be i(-3). Let f = b - -46. Suppose -5*y - c = -f*y + 248, 3*y - 148 = c. What is the tens digit of y?
5
Suppose -5*v + 5*u + 80 = 0, -u - 34 + 6 = -2*v. Suppose -q - v = -5*q. Suppose -q*z = -z - 4. What is the units digit of z?
2
Let y = -2 + 2. Suppose -h + 2*u = -22 - 19, -3*h + 5*u + 119 = y. What is the units digit of h?
3
Suppose -8*g + 9*g = 0. Suppose -3*v + g*v + 345 = 0. What is the tens digit of v?
1
Let c(t) = 8*t**2 - 20*t. What is the units digit of c(4)?
8
What is the tens digit of -7 + 